11121221 (base 3) in base 5?
2214113034
Convert 11002102101000 (base 3) to base 12.
889923
Convert 1223421210 (base 5) to base 2.
1011010000100100000110
-6575515 (base 9) to base 2
-1101011110110000111010
1e2066 (base 15) to base 9
2687246
Convert 320a5a (base 14) to base 3.
10011222110102
What is 27b91 (base 15) in base 12?
6193a
What is -41082 (base 12) in base 11?
-58764
Convert 24728b (base 15) to base 2.
110101010001000110000
Convert -4c7117 (base 14) to base 9.
-4851025
Convert 2217165 (base 8) to base 6.
20450433
What is -3765047 (base 8) in base 12?
-4236b3
What is -2455224 (base 6) in base 2?
-100000001111100000
What is -6626503 (base 8) in base 6?
-102101351
Convert 133103333 (base 5) to base 4.
2210322030
What is 12135 (base 12) in base 13?
b132
What is -734d5 (base 15) in base 12?
-1576a8
What is -111111110110010111 (base 2) in base 8?
-776627
What is -733a9 (base 15) in base 3?
-200120010220
Convert 120635 (base 7) to base 13.
9c9b
Convert 526922 (base 10) to base 8.
2005112
Convert -10434120 (base 5) to base 11.
-63998
What is 1220125 (base 7) in base 13?
560b3
Convert 47b7 (base 16) to base 8.
43667
What is 5760 (base 14) in base 6?
154132
Convert -955712 (base 10) to base 13.
-276014
Convert -1544001 (base 6) to base 5.
-10412320
1100000111110111000000 (base 2) to base 15
42b915
What is -1000011111001101000 (base 2) in base 12?
-114b48
Convert -7052b (base 14) to base 6.
-5441403
311103002 (base 4) to base 5
23441211
What is 5444220 (base 6) in base 4?
1002002310
What is -1030640 (base 9) in base 15?
-ad6b6
What is -13021030001 (base 4) in base 14?
-36a641
-331231112 (base 4) to base 9
-424642
-2447260 (base 10) to base 11
-1421732
-3431132 (base 7) to base 14
-b1c89
What is 298c37 (base 13) in base 10?
1019285
What is ca648 (base 13) in base 3?
200120202021
Convert -1ab95 (base 13) to base 8.
-146440
Convert -524304 (base 7) to base 11.
-61986
What is 8508d7 (base 15) in base 12?
2153327
155313340 (base 6) to base 16
32eefc
What is 9c48 (base 14) in base 16?
69e8
What is 16ee8 (base 15) in base 11?
50864
165382b (base 14) to base 16
a7363f
What is -24111300 (base 6) in base 8?
-2704264
1100111111001111 (base 2) to base 14
1555d
What is 1010022110022 (base 3) in base 2?
10010001101010101110
Convert 67361c (base 13) to base 2.
1001010010100011110011
Convert 64302 (base 10) to base 7.
355320
232cb9 (base 14) to base 15
18a369
Convert -1314120 (base 6) to base 5.
-4302232
What is 1036132 (base 7) in base 3?
20110012001
What is -1333534 (base 6) in base 10?
-74722
What is -2114242220 (base 5) in base 12?
-15a52a8
-3440005 (base 6) to base 3
-22221210012
Convert 5402302 (base 6) to base 9.
443362
2012011131 (base 4) to base 8
2060535
Convert 1060410 (base 7) to base 6.
2500150
What is b75b0 (base 15) in base 12?
240826
-3430340133 (base 5) to base 14
-1038744
What is -17019 (base 16) in base 12?
-46649
What is -43615240 (base 7) in base 6?
-212231151
Convert -1288071 (base 10) to base 14.
-2575b1
Convert 2707361 (base 11) to base 3.
22210210001201
35db7 (base 15) to base 3
22201201201
-33254625 (base 8) to base 3
-111111002101122
What is -457150 (base 8) in base 7?
-1214411
-113112302211 (base 4) to base 14
-b5540d
What is 20110110001 (base 4) in base 10?
2180353
What is -515761 (base 11) in base 3?
-1120001001212
-769974 (base 10) to base 12
-311706
-5689b (base 16) to base 5
-42320314
What is 887c5e (base 15) in base 16?
6347ae
2697e3 (base 15) to base 10
1854663
What is -8a9422 (base 12) in base 8?
-10344432
What is -75143 (base 10) in base 9?
-124062
What is 10011011101011010 (base 2) in base 12?
3a162
What is -347a59 (base 14) in base 15?
-254d58
Convert 276441 (base 9) to base 3.
22120111101
What is -108940 (base 14) in base 12?
-230bb8
-324326 (base 7) to base 16
-ddba
What is -94a77 (base 13) in base 12?
-10aa61
What is ce18dd (base 15) in base 14?
143b1c5
What is -42613 (base 11) in base 2?
-1111001000001110
What is 8020736 (base 9) in base 6?
231230310
43e06 (base 15) to base 10
215781
2ccb16 (base 13) to base 5
241113220
Convert -111100001111010000 (base 2) to base 14.
-65cc0
What is 1000110110010111100 (base 2) in base 10?
289980
What is 1313652 (base 8) in base 3?
200121202022
Convert 11011001001011011100011 (base 2) to base 13.
1622273
-101000011111000011011 (base 2) to base 7
-14163460
4992 (base 16) to base 6
223110
What is 213313 (base 11) in base 4?
1103101321
Convert -2044203 (base 7) to base 15.
-4d000
987945 (base 13) to base 10
3587082
What is 145400122 (base 7) in base 16?
943b4f
Convert -1241430 (base 6) to base 15.
-15130
-a4b8a (base 16) to base 7
-5510023
What is -3041455 (base 7) in base 12?
-15618a
48273e (base 15) to base 6
201544152
What is -1007357 (base 9) in base 15?
-a90e4
What is -12553453 (base 6) in base 4?
-1212121221
Convert 61160161 (base 7) to base 10.
5090212
Convert 3a986 (base 15) to base 10.
187776
-104200141 (base 5) to base 6
-13502541
-15011323 (base 6) to base 11
-3218a7
-50201131 (base 7) to base 11
-23862a2
19696a (base 15) to base 7
13342336
What is 4806896 (base 10) in base 7?
55600163
-3067791 (base 10) to base 11
-1805971
What is -2622446 (base 7) in base 9?
-570842
-24122000 (base 5) to base 8
-664217
1384334 (base 9) to base 6
24214134
Convert -1010110110000000101000 (base 2) to base 9.
-5312355
What is -43461354 (base 7) in base 13?
-a0759b
What is -1a19d4 (base 14) in base 8?
-3421726
What is -ab0bf (base 16) in base 3?
-1022121001102
Convert -8021b (base 12) to base 2.
-101000100100110111
Convert -132690 (base 13) to base 5.
-104300001
Convert 3215518 (base 12) to base 13.
1c71779
What is 30003133222 (base 4) in base 11?
1869206
Convert 171503 (base 10) to base 3.
22201020222
What is -110011011101010101101 (base 2) in base 16?
-19baad
97666 (base 10) to base 15
1de11
What is 10011101101110111100 (base 2) in base 8?
2355674
What is -152855 (base 10) in base 11?
-a492a
77e9db (base 15) to base 9
11676578
-1513124 (base 7) to base 2
-110010000101111101
Convert -134689 (base 10) to base 16.
-20e21
Convert 6503516 (base 11) to base 4.
223220302010
Convert a554a5 (base 16) to base 12.
3766399
Convert 121012 (base 10) to base 5.
12333022
-54561146 (base 7) to base 4
-101320111022
18837a9 (base 11) to base 14
5cb8da
-4847507 (base 12) to base 7
-230153560
Convert -35355006 (base 7) to base 2.
-1011111010011101001101
-40030335 (base 6) to base 11
-6a8333
Convert -12d8a0 (base 16) to base 14.
-24217a
-10110101011001100110110 (base 2) to base 6
-331223022
What is 8c65d (base 14) in base 9?
570421
What is -3042043 (base 7) in base 5?
-43111033
-a4146 (base 11) to base 16
-25161
Convert -11c57c (base 13) to base 8.
-1502236
What is -3724443 (base 11) in base 16?
-62d579
Convert 253365 (base 8) to base 9.
143382
-156069 (base 16) to base 13
-3a0875
18612b (base 16) to base 10
1597739
131533111 (base 6) to base 15
3682e4
a14ab (base 12) to base 11
133693
-1222031 (base 11) to base 14
-3d4917
What is 10001111110101010010010 (base 2) in base 11?
272a032
What is -219914 (base 10) in base 12?
-a7322
What is 601145 (base 9) in base 7?
3006260
-1026602 (base 8) to base 9
-456515
Convert 1ca414 (base 13) to base 8.
2636660
What is -12131613 (base 9) in base 5?
-3004111220
Convert -1add33 (base 14) to base 8.
-3523371
What is 66361b (base 12) in base 5?
403422404
79b0d (base 14) to base 2
1001000001101100001
What is 47d030 (base 15) in base 5?
1334421140
Convert 110100110101010100110 (base 2) to base 10.
1731238
Convert -1a98962 (base 11) to base 6.
-203322233
What is 33341146 (base 7) in base 16?
2c01bb
5c8d35 (base 14) to base 3
12222021210222
-145438 (base 10) to base 8
-434036
174372 (base 8) to base 11
43984
1445b42 (base 13) to base 3
110010010211001
Convert -11110201110 (base 3) to base 2.
-10101011111000101
Convert 500110005 (base 6) to base 16.
804875
9685 (base 15) to base 5
2004400
What is 108387 (base 9) in base 11?
44a96
-152526 (base 10) to base 11
-a4660
Convert 100114021 (base 5) to base 11.
24a758
What is 1081 (base 15) in base 3?
11210111
Convert -5143532 (base 6) to base 10.
-247088
Convert -3a9b02 (base 13) to base 9.
-2605365
Convert -32010013011 (base 4) to base 16.
-3841c5
-2d7a07 (base 14) to base 2
-110000101101101000111
Convert -10537311 (base 10) to base 6.
-10135